
4
Let l be ((-18)/(-4) + -4)*40. Let d(q) = -l + 9 + 9 - 2*q. Let k(x) = x**2 + 3*x - 3. Let v be k(-3). Calculate d(v).
4
Let t(b) be the second derivative of 26*b - 1/12*b**4 + 0 + 3/2*b**3 - 9/2*b**2. Calculate t(7).
5
Let f(t) be the first derivative of t**4/4 + 5*t**3/3 - 2*t**2 - 7*t - 167. Determine f(-6).
-19
Let l(b) = -b**2 + 6*b + 9. Let d(s) = -s**3 + 5*s**2 - 9*s + 17. Let c be d(3). Calculate l(c).
-7
Let g be (-9)/(-5)*(-10)/(-3). Let z be -6*g*1/12. Let c(d) = 7*d + 3. Calculate c(z).
-18
Let n(y) be the second derivative of 0 + y**3 - y**2 + 1/12*y**4 + 17*y. Calculate n(-6).
-2
Let d(b) = 2*b**2 + 5*b - 3. Let g be (-10)/(-8) - (-600)/160. What is d(g)?
72
Let s(p) = 3*p - 93. Let d(k) = -2*k + 46. Let o(w) = -7*d(w) - 3*s(w). Determine o(8).
-3
Let y(c) = -16*c + 51. Let w(r) = -2*r + 2. Let u(v) = 7*w(v) - y(v). Give u(18).
-1
Suppose 5*t - 17 = -d - d, -3*t = 5*d - 14. Let q(b) be the third derivative of -7*b**2 - 1/24*b**4 + 0*b + 0 + 1/6*b**5 - 1/6*b**t. What is q(-1)?
10
Let l(g) = -4*g - 19. Let c(r) = 9*r + 35. Let x(n) = -6*c(n) - 11*l(n). Let b = 1 - 2. What is x(b)?
9
Let o(g) = g**2 - g. Let b(p) = -3*p**2 - p**2 + 7 - 2. Let q(v) = -b(v) - 3*o(v). Let a = 5691 + -5696. Give q(a).
5
Let x(y) be the first derivative of -3*y**3 - 1/2*y**2 + 0*y - 20. Calculate x(-1).
-8
Let x(n) = -n**3 - 6*n**2 - 2*n + 6. Suppose 0 = c - 3*q - 11 + 2, -2*c - 3*q = -9. Let w be (-2)/c*(11 - 2). Let g be (30/9)/(2/w). What is x(g)?
-9
Let c(f) = f**2 + 16*f + 32. Let t be c(-14). Let m(x) = 5 + 3*x - t - 2*x. Determine m(3).
4
Let s(m) = 2*m + 3. Let r = 351 - 349. Determine s(r).
7
Suppose 0 = -4*o - p + 19, 4*p = 21 - 9. Suppose 0 = o*q - 0*q. Let f(z) = -z**3 + 3. Let b be f(q). Let x(j) = j**2 - j + 2. Calculate x(b).
8
Suppose -5*i - 45 = 3*c, 0*i - 14 = -i + 4*c. Let h(g) = -2*g - 5. Give h(i).
7
Let w be -1*((-64)/(-40)*-5 - -7). Let l = -3 - -5. Let m(r) = r**2 + 3*r**2 - 8*r**3 - 2*r**l - r. Give m(w).
-7
Let a(f) be the first derivative of 5/3*f**3 + 12 - 1/2*f**2 + 0*f. What is a(1)?
4
Let q(h) = 8*h**2 + 8*h + 6. Suppose -31 = 8*f + 5*d, 7*d - 4*d = -9. Calculate q(f).
22
Let n be (-12)/(-66) - 196/(-11). Suppose -15*y - 12 = -n*y. Let d be (2/y)/(1/8). Let u(f) = -2*f + 4. Give u(d).
-4
Suppose -184*k - 10 = -189*k. Let y(z) = 9*z - 3*z**3 + 8*z**k + 8 - 2*z**3 + 4*z**3. What is y(9)?
8
Let a(b) = b**3 + 6*b**2 - 6. Suppose -8*c + 12*c + 18 = d, 3*c + 3*d = -21. Calculate a(c).
19
Let t(y) = -y - 3. Suppose -7 = 7*p - 0. Let g(b) = 1. Let l(q) = p*t(q) + 6*g(q). Determine l(0).
9
Let i(b) = -5*b - 3. Let n be i(-1). Let y(u) = 0*u**2 - 3 - 5 + u**n + 9 + 8*u. Calculate y(-7).
-6
Let v(j) = j**3 + 6*j**2 + 4*j - 1. Let f be 14/(-3)*(-48)/56. Suppose -4 = -6*y + f*y. Suppose 4 = -y*z, 3*z = -4*b - 0*z - 26. What is v(b)?
4
Let a(m) = -2*m + 4. Let z be a(3). Let n(w) = -9*w**2 - 5*w - 5. Let s(u) = -5*u**2 - 3*u - 3. Let q(k) = -6*n(k) + 11*s(k). What is q(z)?
-1
Suppose 15*y + 61 = -149. Let d(b) = -b**3 - 14*b**2 - 3*b - 38. What is d(y)?
4
Let d be 35/6 - 20/(-120). Let w(f) = 2*f - 14. Determine w(d).
-2
Let z(m) = -m**2 + 7*m - 3. Suppose 5*d - 26 = -7*k + 5*k, -k = -2*d + 14. Calculate z(d).
3
Let z(j) = 3*j**2 - 1. Let l = 16 + -14. Let u be -3 + 1 + l + -7. Let g = u + 9. What is z(g)?
11
Let p(f) = 2*f**3 - 18*f**2 - f + 5. Let j(i) = -3*i**2 + 18*i + 9. Let c be j(6). Calculate p(c).
-4
Let o = -1052 + 1039. Let s(r) = r**2 + 16*r + 17. Determine s(o).
-22
Let d(b) = -b**2 - 6*b + 2. Let u = 540 + -538. Let k be 2 + (1/1 - 1). Suppose 0 = -2*v + u*a - 18, 2*v + a - k*a + 16 = 0. Determine d(v).
-5
Let f(k) = k**3 - 4*k**2 + 4*k - 2. Let a be f(3). Suppose 2*g = x, 2*x + 2*x + 3*g - 11 = 0. Let p(s) = 107 + s**x + s + 0*s**2 - 108. Determine p(a).
1
Suppose 0 = 4*q + 4 + 60. Let o(n) = n + 16. Let d be o(q). Let h(y) = -y**3 - 5. Calculate h(d).
-5
Let y(r) = r**2 - 3*r - 1. Let h be y(4). Let x(u) = -6*u + h - 2 - 6*u. Suppose 0 = -56*b + 66*b - 10. What is x(b)?
-11
Suppose -19*d + 24*d - 25 = 0. Let z(i) = 2 + d*i - 3 + 10 - 6*i. Give z(9).
0
Let y be (-15)/(-5) + (4 - 6). Let s(z) = 0 - 1 + 8*z - 4*z. Give s(y).
3
Let s(c) be the first derivative of 4 + 0*c**3 + 0*c - 1/60*c**5 + 1/120*c**6 - 1/12*c**4 - 3/2*c**2. Let j(k) be the second derivative of s(k). What is j(2)?
0
Let s(r) = r + 9. Let g be -8 + (-1 + -2)/(-3). Let b be s(g). Let m(w) = w - b - 1 + 0*w. What is m(-4)?
-7
Let i(q) = -2*q - 8. Let d(f) = -7*f - 41. Let x(u) = d(u) - 4*i(u). Let c be 6*2*1/2. What is x(c)?
-3
Let b be 0*(-3)/(-3)*1. Suppose 2*q = 1 + 1. Let a(k) = -5*k + k + 1 + q + 5*k. What is a(b)?
2
Let y(f) = 14. Let l(x) = 10*x - 55. Let i(s) = l(s) + 4*y(s). Let j = 3 + -1. Determine i(j).
21
Let v(h) = 4*h - 18. Let z be v(5). Suppose 5*y - z*n - 5 = 0, 3*y - 3 = -8*n + 4*n. Let q(s) = -7*s**2 + 1. What is q(y)?
-6
Suppose 4*y - 17 = -s, 3*y - 6*s + 16 = -s. Let m(l) = 3*l - 2. Let g be m(2). Let u(i) = -126*i**2 - g*i + 4 + 128*i**2 - 1. Calculate u(y).
9
Suppose 0 = 3*k - 2*k - 3. Let m(u) = -5*u - 21. Let d(a) = -11*a - 46. Let c(j) = 6*d(j) - 13*m(j). What is c(k)?
-6
Let l = 10 + -6. Let u(h) = 2*h + 1483. Let d(r) = r + 659. Let i(v) = -9*d(v) + 4*u(v). What is i(l)?
-3
Let s(g) = -g**2 - 11*g - 6. Let z be s(-8). Let d = -19 + z. Let j(x) = 3*x**2 + 3*x. Let a(k) = 2*k**2 + 4*k. Let f(c) = -4*a(c) + 5*j(c). Determine f(d).
8
Let t(n) be the first derivative of -n**4/6 - n**3/2 + 11*n**2 - 10. Let u(l) be the second derivative of t(l). Determine u(3).
-15
Let y(h) = -4*h + 18. Let u(r) = r - 5. Let t(m) = 18*u(m) + 4*y(m). Calculate t(6).
-6
Let d(s) = -2*s - 1. Let w(f) = -13*f - 9. Let g(j) = 6*d(j) - w(j). What is g(-1)?
2
Let j(t) be the second derivative of -20*t + 7/6*t**3 + 1/12*t**4 + 5/2*t**2 + 0. Let k = 3 - 7. Calculate j(k).
-7
Let w(l) = l**3 - 7*l**2 + 7*l - 9. Let o be w(6). Let j(n) be the third derivative of n**6/120 + n**5/15 - n**4/8 - 2*n**3/3 - 12*n**2 + 10*n. Give j(o).
14
Let b(t) = -t**3 + 6*t**2 + 7*t + 1. Suppose 4*l = 6*l - 4. Suppose -3*z - l*z + 2*g = -25, 3*z - 2*g - 11 = 0. Determine b(z).
1
Let z(u) = 26*u + 9 + 24 - 29*u. Let j be z(11). Let a(y) = -y**2 + 16. Calculate a(j).
16
Let t = -86 - -90. Let q(h) = 2*h + 2. Let d(w) = -5*w - 7. Let p(i) = -3*d(i) - 8*q(i). Calculate p(t).
1
Let x(m) be the first derivative of -m**6/120 - m**5/10 - m**4/8 + 5*m**3/6 + 15*m**2/2 - 7. Let q(d) be the second derivative of x(d). What is q(-5)?
-5
Suppose -3*s - 3*k + 39 = 0, -s + 3*s - 3*k - 46 = 0. Let t(o) = 14*o**2 - 2*o**3 + o**3 - s*o**2 + 3*o. What is t(-3)?
-9
Let y(r) be the third derivative of -r**4/24 - 4*r**3/3 - 98*r**2. Calculate y(-4).
-4
Let j(p) = p**2 - 23*p - 21. Let m be j(24). Let y(s) be the first derivative of s**3/3 - s**2/2 + 11. Calculate y(m).
6
Let b(t) = -6*t**2 + 1. Let n be b(-1). Suppose -5*s + 4*u + 38 = -2, -2 = -3*s - 2*u. Let l(h) = -s*h - h**3 + h**3 + 10*h + 6*h**2 + h**3. Give l(n).
-5
Let w(z) = z**3 - 9*z**2 - z + 10. Let c(k) = k + 3. Let f be c(6). What is w(f)?
1
Let j(q) = 4*q**2 - q + q**2 - q**2 - q**2. What is j(1)?
2
Let u(l) = 69403*l - 4*l**2 + 3*l**2 - 69397*l + 2*l**2. Suppose -2*s = 5*k + 29, -s - 3*s - 4*k - 40 = 0. Give u(s).
7
Let o(y) = 5*y - 12. Let x(m) = -9*m + 23. Suppose -5*z = 16 + 14. Let q(p) = z*x(p) - 11*o(p). Suppose 2*n = -3*w + 22, -10*n = -5*w - 8*n + 26. Give q(w).
-12
Let s(i) = -i - 1. Let c be (3/2 + -3)/(6/(-12)). Suppose 3*r = -2*j + 10 + 9, -c*j - 4*r = -26. Give s(j).
-3
Suppose -a - c = -5*a + 57, 27 = 2*a - c. Suppose -4*z = 4*w, 5*z - 5*w - 15 = a. Let g(d) = d**3 - 4*d**2 - z*d + 5*d + 4 - 7 + 1. Give g(2).
-6
Let r(p) = 4*p + 4*p**2 + 3*p**2 + 9*p**2 - 2 + 5*p**2 - p**3 - 23*p**2. Let l(c) = 3*c**2 + 3*c**2 - c**3 - 4 - 3*c**2 + 2*c. Let b be l(3). Determine r(b).
-10
Let r(c) = -c**3 + 5*c**2 + 11*c - 23. Let y be r(6). Let t(v) = 1 + 0 - 8*v + 6*v + y*v. Calculate t(-1).
-4
Let q(i) = i**3 - 5*i**2 - i + 7. Suppose 5*s = 4*j + 34, 4*j + 1 = 3*j. Give q(s).
37
Let c = 35 + -34. Let y(z) = -12*z**2 - 10. Let d(r) = r**2 + 1. Let h(s) = 20*d(s) + 2*y(s). Give h(c).
-4
Let q(s) = -6*s - 5. Let c(j) be the second derivative of -11*j**3/6 - 9*j**2/2 - 13*j. Let f(a) = 3*c(a) - 5*q(a). Give f(2).
-8
Let w = -242/3 + 81. 